hat is the ten thousands digit of 15945?
1
What is the tens digit of 26226?
2
What is the hundreds digit of 391?
3
What is the hundreds digit of 2276?
2
What is the tens digit of 12508?
0
What is the units digit of 28429?
9
What is the hundreds digit of 7667?
6
What is the ten thousands digit of 68952?
6
What is the units digit of 20912?
2
What is the hundreds digit of 1573?
5
What is the hundreds digit of 3050?
0
What is the ten thousands digit of 104772?
0
What is the units digit of 91?
1
What is the thousands digit of 29414?
9
What is the ten thousands digit of 23940?
2
What is the units digit of 5076?
6
What is the thousands digit of 29956?
9
What is the tens digit of 787?
8
What is the hundreds digit of 138935?
9
What is the thousands digit of 25785?
5
What is the ten thousands digit of 25913?
2
What is the hundreds digit of 416?
4
What is the units digit of 623?
3
What is the tens digit of 5856?
5
What is the hundreds digit of 1809?
8
What is the units digit of 5074?
4
What is the tens digit of 570?
7
What is the tens digit of 5986?
8
What is the tens digit of 9934?
3
What is the units digit of 850?
0
What is the thousands digit of 8608?
8
What is the hundreds digit of 19573?
5
What is the hundreds digit of 41282?
2
What is the hundreds digit of 7693?
6
What is the ten thousands digit of 16693?
1
What is the tens digit of 273?
7
What is the units digit of 4352?
2
What is the tens digit of 1681?
8
What is the tens digit of 5939?
3
What is the thousands digit of 2465?
2
What is the thousands digit of 5826?
5
What is the thousands digit of 22528?
2
What is the tens digit of 11903?
0
What is the units digit of 20177?
7
What is the hundreds digit of 287?
2
What is the ten thousands digit of 53758?
5
What is the tens digit of 18?
1
What is the tens digit of 120?
2
What is the tens digit of 5177?
7
What is the tens digit of 4465?
6
What is the thousands digit of 3285?
3
What is the thousands digit of 93887?
3
What is the units digit of 16531?
1
What is the ten thousands digit of 38012?
3
What is the tens digit of 19312?
1
What is the units digit of 1103?
3
What is the hundreds digit of 3255?
2
What is the hundreds digit of 9062?
0
What is the tens digit of 31104?
0
What is the thousands digit of 35602?
5
What is the hundreds digit of 1591?
5
What is the hundreds digit of 4833?
8
What is the units digit of 700?
0
What is the ten thousands digit of 10838?
1
What is the units digit of 3976?
6
What is the units digit of 1720?
0
What is the hundreds digit of 3667?
6
What is the thousands digit of 1992?
1
What is the units digit of 2998?
8
What is the tens digit of 554?
5
What is the hundreds digit of 1302?
3
What is the units digit of 3353?
3
What is the units digit of 659?
9
What is the hundreds digit of 415?
4
What is the tens digit of 1080?
8
What is the tens digit of 83393?
9
What is the units digit of 343?
3
What is the thousands digit of 2645?
2
What is the thousands digit of 5490?
5
What is the tens digit of 5210?
1
What is the tens digit of 725?
2
What is the hundreds digit of 5724?
7
What is the units digit of 770?
0
What is the thousands digit of 12322?
2
What is the hundreds digit of 4591?
5
What is the thousands digit of 2089?
2
What is the hundreds digit of 57749?
7
What is the units digit of 5006?
6
What is the thousands digit of 2508?
2
What is the tens digit of 973?
7
What is the units digit of 7477?
7
What is the thousands digit of 2689?
2
What is the units digit of 2362?
2
What is the tens digit of 2032?
3
What is the hundreds digit of 44171?
1
What is the thousands digit of 8360?
8
What is the hundreds digit of 1440?
4
What is the units digit of 2246?
6
What is the hundreds digit of 8647?
6
What is the units digit of 2833?
3
What is the hundred thousands digit of 167435?
1
What is the hundreds digit of 6926?
9
What is the hundreds digit of 25968?
9
What is the hundreds digit of 573?
5
What is the units digit of 4371?
1
What is the units digit of 41?
1
What is the hundreds digit of 134?
1
What is the units digit of 17865?
5
What is the units digit of 3145?
5
What is the tens digit of 665?
6
What is the ten thousands digit of 34688?
3
What is the hundreds digit of 117?
1
What is the tens digit of 110779?
7
What is the tens digit of 22331?
3
What is the hundreds digit of 3389?
3
What is the hundreds digit of 11870?
8
What is the units digit of 17301?
1
What is the ten thousands digit of 18483?
1
What is the thousands digit of 24540?
4
What is the hundreds digit of 10269?
2
What is the tens digit of 1500?
0
What is the hundreds digit of 3502?
5
What is the units digit of 8885?
5
What is the hundreds digit of 985?
9
What is the hundreds digit of 14785?
7
What is the thousands digit of 9773?
9
What is the thousands digit of 41967?
1
What is the units digit of 15144?
4
What is the units digit of 978?
8
What is the units digit of 1571?
1
What is the hundreds digit of 5654?
6
What is the thousands digit of 23375?
3
What is the hundreds digit of 316?
3
What is the units digit of 343?
3
What is the units digit of 11497?
7
What is the tens digit of 16737?
3
What is the tens digit of 708?
0
What is the units digit of 79?
9
What is the ten thousands digit of 101048?
0
What is the hundreds digit of 9569?
5
What is the units digit of 9696?
6
What is the hundreds digit of 25681?
6
What is the thousands digit of 39732?
9
What is the units digit of 13174?
4
What is the tens digit of 455?
5
What is the hundreds digit of 2475?
4
What is the units digit of 5013?
3
What is the units digit of 11379?
9
What is the tens digit of 1753?
5
What is the thousands digit of 116101?
6
What is the tens digit of 11842?
4
What is the ten thousands digit of 12402?
1
What is the ten thousands digit of 31819?
3
What is the tens digit of 2248?
4
What is the tens digit of 15665?
6
What is the thousands digit of 4677?
4
What is the units digit of 4368?
8
What is the thousands digit of 4672?
4
What is the thousands digit of 22678?
2
What is the thousands digit of 2229?
2
What is the hundreds digit of 95197?
1
What is the hundreds digit of 50939?
9
What is the hundreds digit of 1382?
3
What is the ten thousands digit of 21355?
2
What is the units digit of 2395?
5
What is the hundreds digit of 5086?
0
What is the tens digit of 11529?
2
What is the tens digit of 7569?
6
What is the units digit of 1378?
8
What is the units digit of 1566?
6
What is the thousands digit of 2514?
2
What is the tens digit of 976?
7
What is the units digit of 816?
6
What is the tens digit of 435?
3
What is the units digit of 7433?
3
What is the ten thousands digit of 71445?
7
What is the units digit of 1385?
5
What is the hundreds digit of 41337?
3
What is the thousands digit of 1140?
1
What is the thousands digit of 2722?
2
What is the tens digit of 2032?
3
What is the hundreds digit of 98371?
3
What is the hundreds digit of 262?
2
What is the thousands digit of 62214?
2
What is the thousands digit of 4717?
4
What is the units digit of 4748?
8
What is the thousands digit of 1228?
1
What is the units digit of 97?
7
What is the ten thousands digit of 39224?
3
What is the hundreds digit of 2956?
9
What is the thousands digit of 28220?
8
What is the thousands digit of 70390?
0
What is the tens digit of 895?
9
What is the tens digit of 1867?
6
What is the tens digit of 873?
7
What is the hundreds digit of 1195?
1
What is the thousands digit of 15711?
5
What is the hundreds digit of 104092?
0
What is the hundreds digit of 2601?
6
What is the units digit of 504?
4
What is the thousands digit of 1515?
1
What is the tens digit of 1238?
3
What is the hundreds digit of 812?
8
What is the hundreds digit of 104310?
3
What is the hundreds digit of 2859?
8
What is the units digit of 2929?
9
What is the hundreds digit of 1016?
0
What is the hundreds digit of 19361?
3
What is the thousands digit of 40839?
0
What is the tens digit of 3289?
8
What is the units digit of 704?
4
What is the ten thousands digit of 174214?
7
What is the tens digit of 115773?
7
What is the hundreds digit of 4198?
1
What is the hundreds digit of 11446?
4
What is the thousands digit of 92285?
2
What is the units digit of 40278?
8
What is the tens digit of 34858?
5
What is the ten thousands digit of 69549?
6
What is the units digit of 102